4e4f - -2?
14e51
In base 14, what is -3aa3 + 18?
-3a89
In base 15, what is -ce + -31a?
-3e9
In base 8, what is -4172515 + 4?
-4172511
In base 11, what is 26 - -3a3?
419
In base 8, what is 0 + -27633?
-27633
In base 3, what is 1022010201 + 0?
1022010201
In base 10, what is -910 - -105?
-805
In base 12, what is -4 - 7089?
-7091
In base 12, what is 1 - -2a0b47?
2a0b48
In base 2, what is -101101011111 - -110?
-101101011001
In base 4, what is 303 + 21323131?
21330100
In base 14, what is -24 - -121?
db
In base 15, what is 4 - 1505?
-1501
In base 3, what is 101102210020 + -10?
101102210010
In base 12, what is a8 - -876?
962
In base 10, what is -3 + 266659?
266656
In base 4, what is -1130032 - 1031?
-1131123
In base 9, what is 535 + -72?
453
In base 6, what is -4 + 1334341?
1334333
In base 3, what is -211101 - -10101?
-201000
In base 4, what is -30 + 103210030?
103210000
In base 14, what is -34 + -27596?
-275ca
In base 3, what is 1 + -11012212?
-11012211
In base 11, what is -4496 + -50?
-4536
In base 10, what is 16 - -41600?
41616
In base 13, what is -4c37a + 5?
-4c375
In base 5, what is -4310400 + 2?
-4310343
In base 9, what is -2023 + 34?
-1878
In base 11, what is 58 + -10668?
-10610
In base 2, what is -1110 + 100100110100110100?
100100110100100110
In base 10, what is 368 - -71?
439
In base 9, what is 2140430 + 1?
2140431
In base 10, what is 41070 + 4?
41074
In base 12, what is 247 - -91?
318
In base 7, what is -116103 + -20?
-116123
In base 2, what is 10000 + 10110111?
11000111
In base 6, what is -123 + -1524?
-2051
In base 2, what is 11100 + 110110000110?
110110100010
In base 4, what is -11130130 + -31?
-11130221
In base 13, what is 339a + -206?
3194
In base 11, what is 3a - 12169?
-1212a
In base 3, what is -110020 + 22212?
-10101
In base 7, what is -11 + 1411?
1400
In base 15, what is 1137 - -6d?
11a5
In base 11, what is -5571 + 12?
-555a
In base 5, what is 303 + 2300?
3103
In base 16, what is 2f5 + 10?
305
In base 5, what is -1000232241 + 2?
-1000232234
In base 7, what is -44335 - 101?
-44436
In base 15, what is -873 + -b5?
-938
In base 2, what is 1010000111011010 - 0?
1010000111011010
In base 14, what is -1a9d - c5?
-1b84
In base 10, what is -14 - 76000?
-76014
In base 9, what is 1 - 13164?
-13163
In base 7, what is -3656551 + -3?
-3656554
In base 5, what is 20 - 3434430?
-3434410
In base 11, what is -453a011 + 2?
-453a00a
In base 5, what is 10 - -303424?
303434
In base 13, what is 26448 - -4a?
26495
In base 4, what is -1122 + 2013?
231
In base 2, what is -1 + -100101111101011?
-100101111101100
In base 5, what is 3 + 103024340?
103024343
In base 5, what is 220 + 110032?
110302
In base 15, what is -11 - 7c4?
-7d5
In base 14, what is -5 - -16b4?
16ad
In base 15, what is aca + c?
ad7
In base 11, what is -5 + -280aa1?
-280aa6
In base 5, what is -2312 + -4142?
-12004
In base 7, what is -32321525 + 2?
-32321523
In base 15, what is 3b - -62c?
668
In base 15, what is 1d5 - -6d?
253
In base 15, what is -8ec - -8d?
-85e
In base 8, what is -63543 + -207?
-63752
In base 7, what is 112514 + 10?
112524
In base 10, what is -611 + -777?
-1388
In base 2, what is 1111010101000011 - -1011?
1111010101001110
In base 11, what is -373061 - -4?
-373058
In base 5, what is 1331 + 20?
1401
In base 13, what is 3 + -5b027c?
-5b0279
In base 16, what is -b3 + -7c1?
-874
In base 16, what is 9bf + -171?
84e
In base 8, what is 41622 + 7?
41631
In base 14, what is -2 - b0dd?
-b101
In base 12, what is 5 - 327a?
-3275
In base 12, what is -37a34 - -5?
-37a2b
In base 8, what is -1 - -126177?
126176
In base 11, what is 299470 - -3?
299473
In base 9, what is -13387 + -226?
-13624
In base 2, what is 10111000111 - 10000100?
10101000011
In base 8, what is 2200 + -301?
1677
In base 2, what is 101 + 100110000010110?
100110000011011
In base 12, what is -929 - -635?
-2b4
In base 11, what is -2124 - 15?
-2139
In base 2, what is 1001100110001110 + -10?
1001100110001100
In base 9, what is 3341165 - 5?
3341160
In base 15, what is -7 + -b15?
-b1c
In base 12, what is -6 + -2580a?
-25814
In base 4, what is -3003110 - 211?
-3003321
In base 10, what is 1 - 167476?
-167475
In base 14, what is 4d4 + -75?
45d
In base 9, what is -21 - -57?
36
In base 5, what is 43400030 - -1?
43400031
In base 13, what is -9210 - -10?
-9200
In base 15, what is 5d721 + -7?
5d719
In base 7, what is 612 - -3404?
4316
In base 3, what is -1110102001 - 12?
-1110102020
In base 2, what is 0 + -10001111010011001?
-10001111010011001
In base 3, what is -21 - -200001200?
200001102
In base 2, what is 11110011100010 + 100?
11110011100110
In base 9, what is 372422 + 5?
372427
In base 2, what is -1101010000111011010 + 10?
-1101010000111011000
In base 10, what is -338 + -1062?
-1400
In base 10, what is -7 + 204?
197
In base 3, what is 21211012 + -122?
21210120
In base 5, what is -1 + -434144?
-434200
In base 10, what is 80207 + 3?
80210
In base 14, what is 63 - 195?
-132
In base 5, what is 10 - -1132012?
1132022
In base 9, what is -63 + -13?
-76
In base 13, what is 28 - 1674?
-1649
In base 11, what is -30338 - -2a?
-30309
In base 16, what is 142db - 5?
142d6
In base 11, what is -18 + -16809?
-16826
In base 9, what is -162 - -1?
-161
In base 9, what is 41 - -8320?
8361
In base 13, what is 39b + cb?
499
In base 2, what is 11 - 1101111000011000?
-1101111000010101
In base 10, what is -1664003 - -3?
-1664000
In base 6, what is -15 + 101001?
100542
In base 10, what is 3 + -19516?
-19513
In base 3, what is 1121011211 + 22?
1121012010
In base 5, what is -11434323 - -10?
-11434313
In base 16, what is -a + 696?
68c
In base 12, what is a + -110a?
-1100
In base 14, what is 94 + 1d46?
1dda
In base 9, what is -4 - 1388682?
-1388686
In base 4, what is -222002 - -122?
-221220
In base 8, what is -644531 - 3?
-644534
In base 8, what is -352561 + 35?
-352524
In base 2, what is 100100010011101 - -100?
100100010100001
In base 6, what is 30513 - -40?
30553
In base 6, what is 32 + -55?
-23
In base 5, what is -32 + 1121?
1034
In base 4, what is -1 + -11001301313?
-11001301320
In base 7, what is 1 + 16462?
16463
In base 11, what is 6a1697 + 1?
6a1698
In base 5, what is 4421 + -221?
4200
In base 11, what is -1027a + 3?
-10277
In base 11, what is -13 + -11018?
-11030
In base 9, what is -3372 + 27?
-3344
In base 16, what is -3eb - -2c?
-3bf
In base 4, what is -200 + -221321113?
-221321313
In base 12, what is -14 - -1894?
1880
In base 2, what is 111011110011 - 1010?
111011101001
In base 16, what is -38 + 4325?
42ed
In base 5, what is -1204240 - 1?
-1204241
In base 3, what is -1000111111 - 2?
-1000111120
In base 5, what is 122242 - 11?
122231
In base 6, what is -142 - 13403?
-13545
In base 16, what is -137 + -13?
-14a
In base 8, what is -16 + -53651?
-53667
In base 12, what is -6 + 9492a?
94924
In base 15, what is 878b + 16?
87a2
In base 15, what is -3 - -81255?
81252
In base 15, what is -4 - -1eadd?
1ead9
In base 5, what is 21 - 323101?
-323030
In base 11, what is 4 + -35266?
-35262
In base 11, what is -599 + 252?
-347
In base 13, what is -1 - 157c2?
-157c3
In base 6, what is 531 + -102?
425
In base 7, what is 5 + -640?
-632
In base 8, what is -10 + 124411?
124401
In base 13, what is 8301 - a?
82c4
In base 2, what is 1010 + -1110011010011000?
-1110011010001110
In base 6, what is 4 - -2434454?
2434502
In base 14, what is 5 + 84a?
851
In base 15, what is -1 + -7296?
-7297
In base 7, what is 24224 - 2?
24222
In base 16, what is -3ceb - -7?
-3ce4
In base 12, what is -67 + 6b?
4
In base 5, what is 102 + 2300310?
2300412
In base 4, what is 222322 - -23?
223011
In base 13, what is 17 + -20694?
-2067a
In base 12, what is -688 + 30?
-658
In base 5, what is 221 + -413?
-142
In base 8, what is 255221 - -4?
255225
In base 4, what is 213230 - 3111?
210113
In base 2, what is -101 + 11000011010111?
11000011010010
In base 3, what is -121210002 + -22?
-121210101
In base 12, what is -109a1 - 4?
-109a5
In base 6, what is 11002 + 130?
11132
In base 14, what is 253 + 13?
266
In base 8, what is 1125 - -3316?
4443
In base 12, what is 51797 - -6?
517a1
In base 16, what is -21 - -60b?
5ea
In base 15, what is -51cd + -4?
-51d2
In base 16, what is 1 + 4d315?
4d316
In base 13, what is 22b34 - 3?
22b31
In base 13, what is 741a0 - -5?
741a5
In base 10, what is 91 - -907?
998
In base 16, what